5) to base 9
-3725280
What is -1c274 (base 14) in base 4?
-101202132
-287683 (base 10) to base 9
-477557
Convert -1012230313 (base 4) to base 11.
-188635
1031114545 (base 6) to base 8
51672141
What is -447867 (base 9) in base 11?
-1735a6
Convert -644030 (base 9) to base 13.
-105717
Convert 1074131 (base 12) to base 3.
12220102211201
-9e31c (base 16) to base 8
-2361434
Convert -200110100211 (base 3) to base 11.
-228a5a
What is -1403527 (base 9) in base 11?
-486781
What is 2214200 (base 5) in base 11?
2706a
What is 453a4 (base 13) in base 8?
365656
1372055 (base 8) to base 7
3213402
-100010111000110010011 (base 2) to base 7
-12500623
Convert -b21730 (base 12) to base 2.
-1010100111000011010100
What is 431756 (base 10) in base 9?
727228
What is 262666 (base 9) in base 13?
5777a
243324150 (base 6) to base 9
8660743
Convert 88845 (base 11) to base 5.
13110133
What is -464130 (base 13) in base 12?
-683a26
Convert 1011000010010011101 (base 2) to base 4.
1120102131
Convert 353741 (base 8) to base 9.
203633
-6c94a (base 15) to base 14
-9030d
200011022122 (base 3) to base 9
604278
What is 146028 (base 11) in base 8?
674457
bd8a (base 16) to base 10
48522
Convert -3aa7a0 (base 12) to base 4.
-3231113220
Convert 5714272 (base 10) to base 8.
25630540
120323524 (base 7) to base 12
2601baa
Convert 641363 (base 8) to base 3.
101212012120
What is 26d30 (base 15) in base 3?
20022202000
-104400040 (base 5) to base 10
-465645
-11011011222 (base 3) to base 4
-103331312
What is 21435277 (base 8) in base 4?
101203222333
What is -136120510 (base 7) in base 10?
-8963185
-751658 (base 11) to base 13
-331560
Convert b6a6ea (base 15) to base 14.
12239d1
What is -77b (base 16) in base 3?
-2121221
What is 11532555 (base 7) in base 12?
41a049
77827 (base 11) to base 9
181654
244111144 (base 5) to base 8
4331756
What is 3763419 (base 11) in base 16?
63b4ef
What is 111011121111202 (base 3) in base 6?
410005032
-1123342441 (base 5) to base 2
-1001110000110010010001
Convert 10034136 (base 7) to base 13.
231a2c
What is -39376 (base 10) in base 7?
-222541
What is -1405341 (base 9) in base 12?
-31260a
Convert -3441404024 (base 5) to base 9.
-15541761
-652615 (base 9) to base 6
-12201105
Convert 137774 (base 12) to base 13.
b476c
Convert 809532 (base 15) to base 8.
27226663
What is 79351a (base 11) in base 5?
310414440
10100101101010011 (base 2) to base 8
245523
What is -3342556 (base 7) in base 9?
-700737
What is -20511051 (base 7) in base 10?
-1733901
What is 11530213 (base 6) in base 13?
cc207
Convert 1224420000 (base 5) to base 9.
5521707
460526 (base 8) to base 5
14442430
-203213223 (base 4) to base 5
-14132044
What is -221714a (base 11) in base 12?
-1376951
-d9228 (base 14) to base 7
-4313151
Convert -3941 (base 16) to base 10.
-14657
Convert -1124314401 (base 5) to base 12.
-a41091
What is 2024414 (base 6) in base 2?
10111101010011010
What is -29114 (base 13) in base 9?
-126655
What is 12909816 (base 10) in base 12?
43a6b60
What is -1426cb1 (base 13) in base 16?
-616b49
c5c3 (base 13) to base 14
9d8c
-21002110 (base 4) to base 2
-1001000010010100
Convert 1943189 (base 13) to base 9.
16534125
Convert -113300023033 (base 4) to base 14.
-b8127d
Convert -6220400 (base 7) to base 8.
-2656072
2169407 (base 10) to base 16
211a3f
5937131 (base 10) to base 4
112221133223
Convert 2205272 (base 9) to base 16.
121454
Convert -4023715 (base 10) to base 6.
-222124151
Convert -2333332123 (base 4) to base 13.
-216bb0
11011100010001100 (base 2) to base 15
2363a
Convert 5c80bb (base 15) to base 7.
52444655
-2717683 (base 10) to base 16
-2977f3
What is 321143214 (base 5) in base 16?
1498b1
-14226631 (base 7) to base 8
-5057221
1441311 (base 6) to base 2
10100010101001011
Convert 22131310011 (base 4) to base 12.
b03859
What is -259188 (base 13) in base 6?
-31223513
What is -142995 (base 11) in base 8?
-664356
What is -2d2f57 (base 16) in base 13?
-7c8b18
Convert -101100110111110001 (base 2) to base 7.
-1363561
Convert -a3a9a (base 11) to base 14.
-3d414
Convert 8714a (base 12) to base 3.
100001102111
Convert 27441a7 (base 13) to base 10.
12376007
What is 21200210201 (base 3) in base 7?
1200442
50532 (base 7) to base 9
17746
Convert -159a37 (base 13) to base 10.
-535607
Convert -553322022 (base 6) to base 12.
-3406312
Convert -11201313231 (base 4) to base 3.
-2201122021110
Convert abb90b (base 14) to base 7.
100402114
Convert -220201122011000 (base 3) to base 12.
-4498946
What is -252328 (base 9) in base 8?
-452066
101201320 (base 4) to base 12
35674
Convert -1212122012002 (base 3) to base 5.
-223343210
-10102110222220 (base 3) to base 2
-110111100011010010110
Convert -24444222 (base 6) to base 12.
-319672
What is -34217 (base 8) in base 13?
-678a
Convert 110110010001111 (base 2) to base 7.
144011
What is -4560183 (base 9) in base 14?
-4809a3
What is -3442553 (base 6) in base 5?
-21130101
What is -277a9 (base 14) in base 5?
-11110221
Convert 552265 (base 8) to base 3.
100102111022
-2771084 (base 9) to base 6
-52350421
Convert 9db56 (base 14) to base 15.
78a18
What is -675117 (base 10) in base 2?
-10100100110100101101
Convert 16c84 (base 15) to base 10.
73699
3a70 (base 14) to base 10
10290
11033123211 (base 4) to base 13
391497
What is 167835 (base 11) in base 3?
111011120202
What is 1111429 (base 13) in base 11?
2a52066
1556854 (base 9) to base 3
1121220221211
What is -10552313 (base 6) in base 9?
-545870
Convert -1396131 (base 12) to base 7.
-45254500
Convert c426a (base 15) to base 12.
25b83a
What is 80034 (base 16) in base 12?
213530
5a018c (base 15) to base 16
41aa7a
What is -17254155 (base 8) in base 9?
-7506766
-47c84 (base 14) to base 10
-175340
Convert 23a28a (base 11) to base 7.
3140632
What is 19570 (base 12) in base 6?
443420
3a70c (base 16) to base 2
111010011100001100
What is -11101112220 (base 3) in base 8?
-250630
What is b8082a (base 12) in base 16?
2c50a2
Convert 121011320 (base 4) to base 10.
102776
What is -73d53 (base 15) in base 12?
-158813
246788 (base 11) to base 14
a1da3
What is 1202202122112 (base 3) in base 9?
1682575
-46664 (base 8) to base 11
-13a44
What is -18471a1 (base 12) in base 6?
-300413121
What is -11404411 (base 8) in base 16?
-260909
Convert -16dbb (base 14) to base 2.
-1110000011111001
Convert 1bb95b (base 12) to base 9.
837148
What is -23203012233 (base 4) in base 9?
-5623700
Convert -60226e (base 15) to base 10.
-4563554
Convert 6132321 (base 7) to base 2.
10110010011010000000
What is -366a590 (base 11) in base 8?
-30262401
Convert 185d0 (base 15) to base 8.
232141
What is -22b3632 (base 12) in base 13?
-1509470
5051433 (base 6) to base 14
6372d
Convert -225dc (base 14) to base 8.
-243046
What is -55c2a (base 16) in base 12?
-14b34a
Convert -327651 (base 8) to base 6.
-2211333
What is 1020826 (base 9) in base 11?
342709
-1311131012 (base 4) to base 3
-220102221022
What is 1700813 (base 9) in base 13?
271446
-3104a (base 15) to base 5
-14432240
What is 712257 (base 12) in base 14?
33da15
1c0134 (base 14) to base 6
33225134
-14244341 (base 5) to base 3
-21121201111
Convert -d63d8b (base 14) to base 5.
-3322424421
What is -14000432 (base 6) in base 13?
-13458b
Convert 10845 (base 14) to base 3.
2000221011
Convert 30131234 (base 6) to base 8.
3177506
Convert 14bbaf (base 16) to base 2.
101001011101110101111
Convert 101100010110110100 (base 2) to base 4.
230112310
What is -242140030 (base 5) in base 10?
-1130640
What is -2220110011 (base 3) in base 5?
-3312230
What is 76182d (base 14) in base 15?
540112
13210232 (base 4) to base 10
31022
What is f6d5e3 (base 16) in base 7?
254333063
2640ba (base 16) to base 5
1120210223
Convert 47940c (base 14) to base 11.
1420544
-cc827 (base 13) to base 15
-74b8b
What is 7856631 (base 10) in base 5?
4002403011
What is 254459 (base 10) in base 11?
1641a7
10100001100101101111 (base 2) to base 4
2201211233
Convert 355578 (base 9) to base 11.
136922
51544234 (base 6) to base 13
402a7b
14047363 (base 8) to base 14
5c5aa7
What is 325445552 (base 6) in base 12?
1b708b8
What is 2201010112110 (base 3) in base 16?
15f6cc
What is 22330211220 (base 4) in base 2?
1010111100100101101000
Convert 103b4 (base 12) to base 3.
1002020001
What is 771173 (base 8) in base 15?
519a8
What is -22344432 (base 6) in base 7?
-5542310
-2230210132 (